 is the units digit of b?
0
Suppose -2*d = -4*d - 122. Let g = -29 - d. What is the tens digit of g?
3
Suppose 5*g - p = 2*p + 61, 0 = 3*g + p - 31. Let w = -9 + g. What is the units digit of 7 - (-1*4)/w?
9
What is the units digit of 0 + -1 + 1 - -8?
8
Suppose -6*j + 150 = -j. What is the tens digit of j?
3
Suppose 0 = -x + 4. Suppose 0*p + 2*p - x = 0. What is the units digit of p?
2
Let v(u) = u**3 + 4*u**2 - 7*u - 5. Let a be v(-5). Suppose a*w + 18 = -2. What is the units digit of (w - -2) + (-39)/(-3)?
1
Let x(v) = v**2 + 16*v. Let j be x(-14). What is the tens digit of (5/(-2))/(2/j)?
3
Suppose 0*c + 6*c = 198. What is the units digit of c?
3
Let f(w) = w**3 + 3*w**2 - w + 2. Let y be f(-3). Suppose -2*k - 30 = -2*p, 0 = p + y*k - 0*k + 9. What is the tens digit of p?
1
Suppose 5*x - 3*q = -5, -4*x - 4*q = -0*x - 28. Suppose u + 0*u = x. What is the units digit of -2 + 18/(u - 0)?
7
Let s = 0 + 2. Suppose 4 - s = 2*j. What is the units digit of j?
1
Let m(r) = 8*r**2 + 34*r + 7. What is the tens digit of m(5)?
7
Suppose -4*h + 5*h = 112. What is the tens digit of h?
1
Let h(l) = l**3 + 5*l**2 - l + 4. What is the tens digit of h(-4)?
2
Suppose d + 118 = 3*v - 165, -v + 93 = -d. What is the units digit of v?
5
Let v(b) = b**3 - 3*b**2 + 3*b - 1. Let z be v(2). Let f be -8*(-1)/(z + 1). Let h(q) = q**2 - 2*q - 3. What is the units digit of h(f)?
5
Let x = 609 - 368. What is the tens digit of x?
4
Let x = 150 - 28. What is the units digit of x?
2
Suppose -3*b - 32 = 7. Let m = b + 25. What is the units digit of m?
2
What is the tens digit of 2/3 + 0 - 94/(-3)?
3
Suppose -5*m = -5*a + 5, -23 = -2*m - 0*m - 3*a. Suppose -6 = -2*r, -11 = -m*q + 2*r - 7*r. What is the units digit of q/(27/(-12) - -2)?
4
Let g(f) = -16*f - 8. What is the units digit of g(-4)?
6
Suppose 0*x - 2*x - j = -323, -x + 145 = -5*j. What is the tens digit of x?
6
Suppose -3*u + 195 = 2*u. What is the units digit of u?
9
Let d(x) = -14*x - 6. Let c(v) = 13*v + 7. Let u(r) = -4*c(r) - 5*d(r). Let m be u(2). Suppose -m = -5*k - 8. What is the units digit of k?
6
Let i(c) = -74*c + 14. What is the units digit of i(-3)?
6
Let o(s) = -s**2 + 4 - s + 3*s - 3. Let t = 5 + -3. What is the units digit of o(t)?
1
Let a be (3/(-6))/((-1)/36). Suppose 2*m - a = -m. Suppose m*n = n + 35. What is the units digit of n?
7
Let x = -6 + -3. Let d = x + -12. Let b = d + 30. What is the units digit of b?
9
Let q = 38 + -24. What is the tens digit of q?
1
Let o(v) = -4*v + 32. What is the units digit of o(0)?
2
Suppose -2*l + q + 1 = 0, 2 = -4*l + q - 1. Let h = l + 3. Suppose 0 = -5*s + h + 24. What is the units digit of s?
5
What is the tens digit of ((-3)/(-6))/(1/114)?
5
Suppose l - 7*l + 354 = 0. What is the units digit of l?
9
Let y(x) = x**3 + 6*x**2 + x + 6. Let a be y(-6). Let j be (1 - a) + 63/3. Suppose -34 = -4*c + j. What is the units digit of c?
4
Suppose 2*a + 4*u = -52, 4*a - u = -0*u - 113. What is the units digit of ((-2)/4)/(2/a)?
7
Suppose 4*p = 5 + 7. Suppose -p*u + 44 = -67. What is the tens digit of u?
3
Suppose 0*w = -4*w. Let k(b) = -b**3 - 4*b**2 - b. Let l be k(-2). What is the units digit of l/(w + -3) + 0?
2
Let n = 2 - -4. What is the units digit of (-4)/n - 113/(-3)?
7
What is the units digit of 188/10*(6/(-4) - -4)?
7
Let r be 3/4 + (-36)/(-16). Let x = -2 + r. What is the units digit of x - 4/(-2)*1?
3
Suppose 52 = -2*z - 2*z. Let g = 25 + z. What is the units digit of g?
2
Let a = 9 + 6. Suppose a = 6*z - 3*z, -y = z - 29. What is the units digit of y?
4
Let n(m) = -2*m - 5. Let u be n(-5). Suppose 0*x - u*x = 5*s - 195, 3*s + x - 119 = 0. Suppose -s = -4*q + 12. What is the tens digit of q?
1
Let c(t) = -t**3 - t**2 + 18 + 4*t**3 - 4*t**3 + 0*t + t. What is the units digit of c(0)?
8
Let r(o) = o - 3. Let v be r(5). Suppose -2*a + 8 = y, -y = -3*y - 2*a + 16. Suppose y*d - 4*d - 16 = v*w, 0 = -3*d + 5*w + 19. What is the units digit of d?
3
Let d = -53 - -142. What is the tens digit of d?
8
Let h be 0 - (-1 + 2 + -14). What is the units digit of h - (-2 - 2*-1)?
3
Let h be (-8)/(1*(0 + -1)). Let a = h + -6. Suppose -3*c - 3 = 3*g, -g - a*g + 3*c = -27. What is the units digit of g?
4
Let n be (-3 + 3)*(-2)/4. Let m(s) = s**2 + 3*s + 3. Let a be m(-3). Suppose n = x - 0*x - a. What is the units digit of x?
3
Let z(p) = -p**2 - 6*p + 5. Let q(t) = t - 1. Let i be q(-5). Let n(k) = k + 1. Let c be n(i). What is the units digit of z(c)?
0
Let x(v) = v**2 + 6*v + 1. Suppose 0 = -5*g + 2*h - 0*h + 75, -g + 3*h = -2. Suppose -5*z + m - 16 = g, 0 = -m - 2. What is the units digit of x(z)?
8
Let x(q) = q**3 - 5*q - 1. What is the units digit of x(4)?
3
Suppose -5*d + 16 = -19. What is the units digit of d?
7
Let z be 1*(-2 + 1)*2. Let p = -1 - z. Let n(o) = 9*o - 1. What is the units digit of n(p)?
8
Let h be (-2)/(-4) + (-4)/(-8). What is the units digit of (-125)/(-5) + h + -1?
5
Let n be 0/((-3)/(-1)) + 3. Let a be (1 + 1)*(-5)/(-2). Suppose -n*z - 3 + 2 = -4*x, a*z = -x + 6. What is the units digit of x?
1
Let p(o) = -6*o**3 - o + 8. Let d(h) = -h**3 - h**2 - h + 1. Let b(m) = -5*d(m) + p(m). Let g be b(6). What is the units digit of (-3)/(-6) + g/(-2)?
5
Let a = -8 - -60. What is the tens digit of a?
5
Suppose -3*u = 3*d - 30, -43 = -5*d + d - 3*u. Let o = d + -9. Suppose 0 = -5*m - o*x + 17, -3*x - 20 = -2*m + 2*x. What is the units digit of m?
5
Let n(g) = 2*g**2 - 2*g + 2. What is the tens digit of n(4)?
2
Let k be (-2 - 0)*4 + 0. What is the units digit of k/(-3)*(4 + -1)?
8
Let n(m) = 5*m**2 + 4*m + 6. What is the tens digit of n(-2)?
1
Let w(a) = a + 3. Let g be w(0). What is the units digit of (9/(-15))/(g/(-45))?
9
Suppose 3*x + 2*n + 383 = 1297, 0 = -2*x - 4*n + 612. What is the tens digit of x?
0
Let f be (1/2)/((-5)/10). Let d be (-2)/(-4)*f*2. Let s = 4 + d. What is the units digit of s?
3
Let l(d) = 12*d + 3. Let p(u) = -u + 1. Let x(b) = l(b) - 2*p(b). Let f be x(1). What is the tens digit of (2 - (-2)/(-1)) + f?
1
Let v be 3/(-6) + 63/6. Suppose 0 = -4*u - 2 + v. Suppose 0*q - 2*q + 2*o = -14, 5*q + u*o = 49. What is the units digit of q?
9
What is the tens digit of (-1*33)/(-1 + 0)?
3
Let h(q) = -62 - 3*q + 0*q + 57 + q**2. Suppose 0 = c + 2*c - 15. What is the units digit of h(c)?
5
Suppose -35 = 5*k - 12*k. Let q = 12 - -16. Suppose -2*o = k*w - 0*o - 38, 0 = 4*w + 4*o - q. What is the units digit of w?
8
Let z(v) = 8*v**2 + 7*v + 13. What is the units digit of z(-5)?
8
What is the units digit of (-1831)/(-7) - 1/(28/(-12))?
2
Let b(c) = 3*c + 11 - 3*c - 2*c. What is the units digit of b(5)?
1
Suppose 2813 - 752 = -3*r. What is the tens digit of (-4)/(-22) - r/33?
2
What is the units digit of (-4)/10 + 44/10?
4
Let z be -2 + 2/1 + 1. Let k = 1 + z. What is the units digit of 2*2/4*k?
2
Suppose -3*t + 2*b - 23 = -0*b, 0 = -3*t - b - 11. Let p(i) be the first derivative of -i**2/2 - 2*i - 1. What is the units digit of p(t)?
3
What is the tens digit of (333/(-12))/3*-4?
3
Suppose 96 = a + m - 101, -m = 5. What is the hundreds digit of a?
2
Suppose -4*a + 3*x - 4*x + 80 = 0, 4*a - 56 = 5*x. What is the tens digit of a?
1
Suppose 0 = -4*m - 2*j + 174, 0 = -4*m + 3*m - 3*j + 36. What is the tens digit of m?
4
Let z(i) = 2*i**2 + 5*i - 4. Let k be z(-4). Let a(w) = 0*w + w + 2 + 0*w - 7. What is the units digit of a(k)?
3
Suppose -2*w + 2*a = -6*w + 82, 0 = -3*a + 15. What is the units digit of w?
8
Let u(q) = q**2 + 4*q - 13. What is the tens digit of u(-8)?
1
Suppose -1155 = 21*k - 28*k. What is the hundreds digit of k?
1
Let y be (-3 - -9)*(-7)/(-3). Let n = y + -8. What is the units digit of n?
6
Let b = 197 + -128. What is the units digit of b?
9
Suppose -q - 110 = -3*q. What is the units digit of q?
5
Suppose 0 = -6*y + 402 + 432. What is the hundreds digit of y?
1
Let d be (-46)/(-10) + 24/60. Suppose -4*p - 6*s + 2*s + 72 = 0, d*s + 14 = 3*p. What is the units digit of p?
3
Let r(z) = -z**3 - 9*z**2 - 5*z + 8. What is the units digit of r(-9)?
3
Let x(m) = m**3 + 8*m**2 + 7*m + 7. Let c be x(-7). Let q = c - 0. What is the units digit of q?
7
Suppose -d - 128 = -5*d. Let x = d + -11. What is the units digit of x?
1
Suppose -5*f + 0*f - 5 = 0. Let c(n) = -17*n**2. Let a be c(f). Let w = a + 24. What is the units digit of w?
7
Let c(g) = -